t is 226 + -200 - (7 + 33)?
-14
(1 - 43) + -802 + 828
-16
Evaluate (2 - 8) + (12 - 5) - -12.
13
Calculate 0 - (-34 - (-32 - 1)).
1
What is the value of (-1 - -10 - (14 - 7)) + (2 - 13)?
-9
-2 - 0 - (-44 + (62 - 23))
3
What is the value of 7 + -15 - -1 - 2?
-9
Calculate -1 + (2 - 1) + 1 + (5 - 7).
-1
Calculate (-9 - 4) + (4 - (4 + -6 + 3)).
-10
What is 0 - 3 - (94 - 99)?
2
Evaluate 0 - 16 - 5 - -1 - (0 - -7).
-27
Evaluate -47 + 27 + (-2 - -7).
-15
What is the value of 1 + -27 - (52 - (-10 + 60))?
-28
Evaluate -8 - -2 - (-7 + 0 - -3).
-2
What is (2 - 6) + (27 - 13)?
10
What is the value of 27 + (5 - -7) + -37?
2
What is 6 + 7 + -6 + -2 + 16?
21
What is 14 - (-34 - (-63 - 3))?
-18
Evaluate (52 - -7 - 12) + 0 + -11.
36
4 + -8 + (1 + -5 - -11) + 15
18
Calculate (78 - 67) + 2 + -1.
12
Calculate 27 - (-1 + -6 + 34).
0
-51 + 50 + (-5 + -1 - -1)
-6
(-20 - (-12 - -6 - -7)) + 1
-20
What is 5 + -12 + (19 - 17)?
-5
42 - (8 - (-40 + 26))
20
What is -7 - (-1 + -2) - (6 + -19 + 11)?
-2
Evaluate -12 - -12 - 7 - (0 + -14).
7
What is the value of -36 - (10 + -4 + -25)?
-17
Evaluate (0 - (2 + -18)) + (117 - 124).
9
Calculate (5 - (-9 + 35)) + -11.
-32
Calculate -27 - (6 + -34 - 20).
21
(-1 - 1) + (-37 - -19 - -32)
12
(4 + -29 - (2 + 7 - 16)) + -1
-19
-27 - ((-2 - -16) + -29)
-12
What is the value of 14 + 36 + -75 + 18?
-7
Calculate 29 - 1 - ((-5 - 12 - -15) + -5).
35
What is the value of -3 + 1 + (-15 + 33 - 13)?
3
What is the value of (2 + 0 - -3) + (7 + -34 - -8)?
-14
Calculate (0 - -7 - 3) + 0 + 14 + -15.
3
Evaluate 24 + (-17 - -9) + -13.
3
Calculate (-7 - 0) + (-1 - 15) + 19.
-4
What is 1 + 8 + -19 - -27 - 10?
7
What is the value of -2 + 3 + -4 + -2 + -6?
-11
Evaluate -3 + -15 + -4 + (-5 - -17).
-10
What is 14 + (1 + 15 - 24) - 25?
-19
7 + 1 + -1 - (-6 - (-18 + 13))
8
What is the value of -29 - (-11 + -37 - -25)?
-6
Calculate 12 + (-36 - -12 - 10) + 14.
-8
Evaluate (-8 - (0 - 18)) + (-1 - 0).
9
Evaluate 27 + 8 + 16 + -42.
9
What is the value of -9 + (-1 - -3 - (-63 - -54))?
2
What is -7 + (-10 + 6 - -6) + 1 + -3?
-7
What is the value of -119 + 134 - (-5 - -8)?
12
Evaluate 15 + -19 + 14 - 5.
5
What is the value of 19 - 0 - (3 + 1 + 3)?
12
Calculate 7 + (-7 + (21 - 7) - -2).
16
What is -9 + (1 - -2) + 3 + 2 + -5?
-6
What is the value of 0 - (2 + -10 + (-11 - -26))?
-7
24 + (5 - (5 + 1 + 7))
16
What is the value of (-130 - -101) + 16 + (-10 - (-3 - 3))?
-17
0 + (7 + 6 - 3) + -5 + -2
3
(4 - (-7 - -24)) + (18 - 24)
-19
What is the value of 14 - (-9 - (16 - 45))?
-6
What is the value of -12 - -14 - (-3 - (-13 - -4))?
-4
-6 - (16 + -12 + -7 + -35)
32
Evaluate -7 - (-42 + 28 + 25).
-18
Evaluate 47 + -4 + (-251 - -242).
34
64 + 0 + (-33 - 6)
25
Evaluate -182 + 171 - ((3 - 6) + -34 + -3).
29
What is (6 - (30 - 10)) + 2?
-12
2 + -11 + 33 + -10
14
What is the value of -10 + 16 + 2 - (0 + 4)?
4
What is the value of (22 - 25) + (1 - 0) - (-7 - 9)?
14
Evaluate 44 + (-66 - -8) + 43.
29
What is the value of 1 + 10 + (19 - 24) + -18 + -1?
-13
-4 - ((14 - 2) + -12)
-4
What is the value of 51 + -52 + (1 - (10 + -3))?
-7
What is 6 - (18 + 2 - -6)?
-20
27 - (27 - 22) - (-2 - 0 - -8)
16
(-14 - (-34 + 18)) + 6
8
What is -15 - (-19 + 4) - 20?
-20
Calculate -13 + (-7 - -14 - 1) + -7.
-14
(-3 - -3) + -4 + (-23 - -25)
-2
What is (-22 + 43 - 15) + -4?
2
1 + 9 - (-2 - (-19 - -10))
3
(-2 - 6) + 11 + -7
-4
What is 157 + -164 + (-5 - -8)?
-4
(3 - -6) + -10 - -3
2
What is 2 + 0 - (-10 + 10)?
2
Evaluate -4 - -1 - ((-120 - -128) + 0 + -2).
-9
Calculate (7 + -4 + 4 - 0) + 0 + -7.
0
Evaluate 2 - 19 - (51 - 76).
8
What is the value of 15 - ((19 - 20) + 20)?
-4
What is -3 + 0 + 4 + 11?
12
Evaluate -27 + (16 - (-12 - -18) - -2).
-15
What is the value of 1530 + -1557 - (-2 + 0 + 1)?
-26
What is -59 - (-29 + -42) - (-1 + -1)?
14
What is -11 - -5 - ((13 - 8) + 2 - 23)?
10
-6 - ((17 - 7) + (-2 - 22))
8
Evaluate (9 + -4 - 12) + 7 + -10.
-10
Calculate (-12 - -35) + (8 - (8 + -2)) - 9.
16
What is the value of 10 - (-7 + 17 + -29) - 2?
27
What is the value of -1 + 5 + -16 + 21?
9
Evaluate 5 + -5 + -1 - (1 - 9).
7
What is (17 + -16 - (-1 + -14)) + 2 + -10?
8
Evaluate (22 - -5) + 31 + -28.
30
What is the value of -51 + 15 + 40 + -17?
-13
What is the value of 12 - -12 - 4 - 25?
-5
What is 10 + -9 - (3 + 1) - (12 + -16)?
1
What is 2 + -3 - 3 - (8 + -20 + 7)?
1
Calculate (-1 - -3) + 0 + -7 + 10 + -1.
4
-5 - (7 + (-1 + 0 - 3))
-8
Calculate 4 + 1 - (3 + -5 + 4) - 2.
1
Evaluate (-21 - -12) + 4 - (-1 - (2 - 2)).
-4
Evaluate -16 - (-16 + 15 + 8).
-23
9 + (-2 - -1) + -35 + 27
0
39 - ((41 - 17) + 1)
14
Evaluate 18 - (2 + 14 + -11).
13
What is the value of 11 + -2 + 12 + -54 + 39?
6
-2 + 2 + 4 + -11 + (85 - 93)
-15
What is the value of 6 + (5 - 6 - 2 - 8) - -8?
3
Calculate -27 + (7 - -14) - 17.
-23
What is (3 + -29 - 21) + 82?
35
-2 - ((0 - -3) + 3) - (-259 - -262)
-11
What is the value of 14 - 8 - (30 + 6 + -11)?
-19
What is 20 - -4 - (-13 - -5 - -20 - 5)?
17
What is the value of -23 + (-8 + 7 + 1 + 4 - -3)?
-16
Evaluate 5 - (7 + -1 + 0 + -9 + 5).
3
What is -16 + (18 - (-12 + 11))?
3
What is the value of -1 + (-6 - -6) + (-2 - -17)?
14
What is the value of 11 + 11 + -11 + 0 + 4?
15
What is (1 - (5 + 0)) + (-1 - (-14 - -11))?
-2
Calculate (1 + -19 - 0) + 21.
3
Calculate (-13 - 0) + -12 + (2 - -12).
-11
What is the value of 1 - -7 - (0 - (-5 - 6)) - 22?
-25
Evaluate 2 + (15 - 17) + (-1 - 0) + 16.
15
What is -28 + -7 + -3 + 28?
-10
Evaluate -7 - (-15 - (-11 + 1) - (0 + 5)).
3
Calculate 6 + -4 + 9 + -12 + -3.
-4
What is the value of 14 + -22 + 7 + 13?
12
Evaluate 14 + 4 + -14 + 10.
14
Calculate (-38 - (-8 + 0 + 4)) + (-13 - -13).
-34
What is the value of (-12 - (-25 + (18 - 9))) + -1 + 2?
5
What is the value of 13 + -22 + (-1 - -19)?
9
Calculate -12 + (16 + -10 - 9).
-15
What is (12 - 10) + (-19 - -17)?
0
Calculate -18 + 15 + -6 + 12 + 11.
14
What is the value of -1 - (-2 + -7) - (-3 - (6 + -5))?
12
3 - 5 - (8 - (-1 - -2)) - -3
-6
Calculate -444 - -467 - (10 - 0).
13
What is -19 - -12 - (-7 - -6)?
-6
Calculate -3 + -1 + (-4 + -4 - 3).
-15
What is (0 - -3 - -2) + (-9 - -11) - 2?
5
What is -69 - -76 - (-9 + 6 - (2 + 1))?
13
What is (-8 - (8 + -5)) + 20 + 2?
11
What is the value of -11 - (20 + (16 - 32) - 10)?
-5
What is the value of 9 + -38 + 44 + 25 + -3 + -3?
34
Evaluate -2 + 0 + 6 + 7.
11
What is the value of 4 + -13 - -15 - (4 + -19)?
21
What is the value of -375 - -358 - (-1 + 0)?
-16
What is the value of -13 - (15 + -55 + 26)?
1
-3 + 1 + 259 + -262
-5
What is the value of (8 - (1 + 15)) + -2 + -1 + 2?
-9
Evaluate (0 - -14 - (5 + 1) - -1) + -6.
3
Calculate (1003 - 997) + 0 + -1 + 18.
23
What is the value of -1 - (-110 + 109 + (-5 - 0))?
5
What is -12 + 10 + (6 - -6) + -15?
-5
What is the value of (8 - 6) + 0 + -5 - -11?
8
What is -2 + 14 - 2 - (9 - (-7 - -18))?
12
Evaluate -1 + -4 + 20 + 1 + -5.
11
What is the value of 5 + (-3 - 0) - ((8 - 0) + -26)?
20
What is the value of -24 - (-17 + -7 + 13) - -8?
-5
What is the value of -3 + 2 + -4 - (-107 + 86)?
16
6 + (0 + -9 - (-5 - -6)) - -3
-1
Calculate 8 + -39 + (10 - -8).
-13
What is -7 - (-18 - -34 - 24)?
1
What is -34 - (-25 - (-20 + 8))?
-21
What is (-2 - 16 - (18 - 28)) + 11 - 4?
-1
What is the value of -11 + (-8 - (0 + 12 + -13))?
-18
Evaluate (-13 - (-1 + 6)) + 26 + -17.
-9
What is -5 + 2 - ((4 - 1) + (-135 - -127))?
2
Evaluate -26 + 25 - (-4 + -1) - 0.
4
-7 + (-8 - (-7 - -18 - 6))
-20
Calculate -2 - (19 + -7 + -6).
-8
What is 0 + 15 + -29 - -12?
-2
What is the value of 3 + 5 - (20 + 0 + -163 + 157)?
-6
What is the value of 31 + -8 + -16 + 12?
19
19 - 4 - 24 - 20
-29
Evaluate (-123 - -121) + (0 - 10).
-12
Evaluate (4 - -4) + -6 - (-41 - -18).
25
What is the value of (24 - 6) + -6 + -10 - 2 - -28?
28
Evaluate (-53 - (29 + -62)) + 6 + -2 + 0.
-16
What is the value of 0 + 6 + -2 + (-32 - -36)?
8
(5 - (7 - -2) - -13 - -3) + 4
16
What is the value of -37 + -39 + (44 - -19)?
-13
What is the value of 6 + -19 - (-4 - 4) - (13 - -6)?
-24
Evaluate 3 - (-4 - -12) - 3 - (106 + -106).
-8
What is (-4 - (-20 + 3)) + (12 - -4)?
29
What is 12 - (-13 + 30 + -4)?
-1
What is -7 + (-6 - -8 - 5) + 9 + -1?
-2
Evaluate 0 + 12 + (-5 - 9) + 13 + 7.
18
Calculate -2 - 5 - -32 - (-5 - -9).
21
What is the value of -1 + (1 - 17) + 18 + (0 - 11)?
-10
Calculate 0 - 15 - (-687 + 657).
15
9 + 17 + 